{"id":21,"date":"2025-04-14T15:27:18","date_gmt":"2025-04-14T13:27:18","guid":{"rendered":"https:\/\/mch-frankweiler.de\/?page_id=21"},"modified":"2025-06-12T15:30:41","modified_gmt":"2025-06-12T13:30:41","slug":"aktuelles","status":"publish","type":"page","link":"http:\/\/mch-frankweiler.de\/?page_id=21","title":{"rendered":"\u00dcber uns"},"content":{"rendered":"\n<h2 class=\"wp-block-heading\">Chorleitung <\/h2>\n\n\n\n<div class=\"wp-block-columns is-layout-flex wp-container-core-columns-is-layout-28f84493 wp-block-columns-is-layout-flex\">\n<div class=\"wp-block-column is-layout-flow wp-block-column-is-layout-flow\">\n<figure class=\"wp-block-image size-large\"><img loading=\"lazy\" decoding=\"async\" width=\"1024\" height=\"682\" src=\"http:\/\/mch-frankweiler.de\/wp-content\/uploads\/2025\/04\/fermate-2019-Ilse-Berner-1024x682.jpg\" alt=\"\" class=\"wp-image-58\" srcset=\"http:\/\/mch-frankweiler.de\/wp-content\/uploads\/2025\/04\/fermate-2019-Ilse-Berner-1024x682.jpg 1024w, http:\/\/mch-frankweiler.de\/wp-content\/uploads\/2025\/04\/fermate-2019-Ilse-Berner-300x200.jpg 300w, http:\/\/mch-frankweiler.de\/wp-content\/uploads\/2025\/04\/fermate-2019-Ilse-Berner-768x512.jpg 768w, http:\/\/mch-frankweiler.de\/wp-content\/uploads\/2025\/04\/fermate-2019-Ilse-Berner-1140x760.jpg 1140w, http:\/\/mch-frankweiler.de\/wp-content\/uploads\/2025\/04\/fermate-2019-Ilse-Berner.jpg 1400w\" sizes=\"auto, (max-width: 1024px) 100vw, 1024px\" \/><\/figure>\n<\/div>\n\n\n\n<div class=\"wp-block-column is-layout-flow wp-block-column-is-layout-flow\">\n<p>Seit 2023 leitet <strong>Ilse Berner <\/strong>aus Birkweiler den M\u00e4nnerchor zusammen mit der S\u00e4ngergruppe der&nbsp;<strong>S\u00e4ngervereinigung 1855<\/strong><br><strong>Nu\u00dfdorf e. V<\/strong>.<\/p>\n\n\n\n<p>Unsere Chorleiterin wurde in W\u00fcrzburg geboren, aufgewachsen ist sie in Landau in der Pfalz. Sie studierte am Peter-Cornelius Konservatorium der Stadt Mainz Konzert- und Operngesang.<\/p>\n\n\n\n<p><\/p>\n<\/div>\n<\/div>\n\n\n\n<p>Ihre Ausbildung vervollst\u00e4ndigte sie mit Meisterkursen bei Margreet Honig\/Amsterdam, Gerhild Romberger, Konrad Jarnot&nbsp; und Werner G\u00fcra und Reinhild Mees ( Amsterdam).&nbsp;und war dann sehr erfolgreich als S\u00e4ngerin unterwegs. Gemeinsam mit ihrem Mann veranstaltet sie das<strong>&nbsp;fermate KlassikFestival S\u00fcdliche Weinstra\u00dfe<\/strong>.<\/p>\n\n\n\n<h2 class=\"wp-block-heading\">Vorstand <\/h2>\n\n\n\n<div class=\"wp-block-columns is-layout-flex wp-container-core-columns-is-layout-28f84493 wp-block-columns-is-layout-flex\">\n<div class=\"wp-block-column is-layout-flow wp-block-column-is-layout-flow\">\n<figure class=\"wp-block-image size-full\"><img loading=\"lazy\" decoding=\"async\" width=\"800\" height=\"800\" src=\"http:\/\/mch-frankweiler.de\/wp-content\/uploads\/2025\/04\/a-Vorstand.jpg\" alt=\"\" class=\"wp-image-147\" srcset=\"http:\/\/mch-frankweiler.de\/wp-content\/uploads\/2025\/04\/a-Vorstand.jpg 800w, http:\/\/mch-frankweiler.de\/wp-content\/uploads\/2025\/04\/a-Vorstand-300x300.jpg 300w, http:\/\/mch-frankweiler.de\/wp-content\/uploads\/2025\/04\/a-Vorstand-150x150.jpg 150w, http:\/\/mch-frankweiler.de\/wp-content\/uploads\/2025\/04\/a-Vorstand-768x768.jpg 768w, http:\/\/mch-frankweiler.de\/wp-content\/uploads\/2025\/04\/a-Vorstand-75x75.jpg 75w\" sizes=\"auto, (max-width: 800px) 100vw, 800px\" \/><\/figure>\n<\/div>\n\n\n\n<div class=\"wp-block-column is-layout-flow wp-block-column-is-layout-flow\">\n<p>Der 1. Vorsitzende ist<br>Wilhelmus Slotman<br>Steigerter Hof 3 76833 Frankweiler<br>Tel.&nbsp;+49 (6345) 1773&nbsp;<a href=\"javascript:;\">vorstand@mch-frankweiler.de<\/a><\/p>\n\n\n\n<p>2. Vorsitzende ist Hildegard Lippert.<\/p>\n\n\n\n<p>Aktuell gibt es 2 Ch\u00f6re in Frankweiler, Franjazzco, ein gemischter Chor und der M\u00e4nnerchor. Dieser hat 2023 begonnen mit dem M\u00e4nnerchor der S\u00e4ngervereinigung Nussdorf unter der Leitung von Ilse Berner zu proben.<\/p>\n<\/div>\n<\/div>\n\n\n\n<p><\/p>\n","protected":false},"excerpt":{"rendered":"<p>Chorleitung Seit 2023 leitet Ilse Berner aus Birkweiler den M\u00e4nnerchor zusammen mit der S\u00e4ngergruppe der&nbsp;S\u00e4ngervereinigung 1855Nu\u00dfdorf e. V. Unsere Chorleiterin wurde in W\u00fcrzburg geboren, aufgewachsen ist sie in Landau in der Pfalz. Sie studierte am Peter-Cornelius Konservatorium der Stadt Mainz Konzert- und Operngesang. Ihre Ausbildung vervollst\u00e4ndigte sie mit Meisterkursen bei Margreet Honig\/Amsterdam, Gerhild Romberger, Konrad Jarnot&nbsp; und Werner G\u00fcra und Reinhild Mees ( Amsterdam).&nbsp;und war dann sehr erfolgreich als S\u00e4ngerin unterwegs. Gemeinsam mit ihrem Mann veranstaltet sie das&nbsp;fermate KlassikFestival S\u00fcdliche Weinstra\u00dfe. Vorstand Der 1. Vorsitzende istWilhelmus SlotmanSteigerter Hof 3 76833 FrankweilerTel.&nbsp;+49 (6345) 1773&nbsp;vorstand@mch-frankweiler.de 2. Vorsitzende ist Hildegard Lippert. Aktuell gibt es 2 Ch\u00f6re in Frankweiler, Franjazzco, ein gemischter Chor und der M\u00e4nnerchor. Dieser hat 2023 begonnen mit dem M\u00e4nnerchor der S\u00e4ngervereinigung Nussdorf unter der Leitung von Ilse Berner zu proben.<\/p>\n","protected":false},"author":1,"featured_media":0,"parent":0,"menu_order":0,"comment_status":"closed","ping_status":"closed","template":"","meta":{"footnotes":""},"class_list":["post-21","page","type-page","status-publish","hentry"],"_links":{"self":[{"href":"http:\/\/mch-frankweiler.de\/index.php?rest_route=\/wp\/v2\/pages\/21","targetHints":{"allow":["GET"]}}],"collection":[{"href":"http:\/\/mch-frankweiler.de\/index.php?rest_route=\/wp\/v2\/pages"}],"about":[{"href":"http:\/\/mch-frankweiler.de\/index.php?rest_route=\/wp\/v2\/types\/page"}],"author":[{"embeddable":true,"href":"http:\/\/mch-frankweiler.de\/index.php?rest_route=\/wp\/v2\/users\/1"}],"replies":[{"embeddable":true,"href":"http:\/\/mch-frankweiler.de\/index.php?rest_route=%2Fwp%2Fv2%2Fcomments&post=21"}],"version-history":[{"count":11,"href":"http:\/\/mch-frankweiler.de\/index.php?rest_route=\/wp\/v2\/pages\/21\/revisions"}],"predecessor-version":[{"id":228,"href":"http:\/\/mch-frankweiler.de\/index.php?rest_route=\/wp\/v2\/pages\/21\/revisions\/228"}],"wp:attachment":[{"href":"http:\/\/mch-frankweiler.de\/index.php?rest_route=%2Fwp%2Fv2%2Fmedia&parent=21"}],"curies":[{"name":"wp","href":"https:\/\/api.w.org\/{rel}","templated":true}]}}

Über uns

<h2 class="wp-block-heading">Chorleitung </h2>



<div class="wp-block-columns is-layout-flex wp-container-core-columns-is-layout-28f84493 wp-block-columns-is-layout-flex">
<div class="wp-block-column is-layout-flow wp-block-column-is-layout-flow">
<figure class="wp-block-image size-large"><img loading="lazy" decoding="async" width="1024" height="682" src="http://mch-frankweiler.de/wp-content/uploads/2025/04/fermate-2019-Ilse-Berner-1024x682.jpg" alt="" class="wp-image-58" srcset="http://mch-frankweiler.de/wp-content/uploads/2025/04/fermate-2019-Ilse-Berner-1024x682.jpg 1024w, http://mch-frankweiler.de/wp-content/uploads/2025/04/fermate-2019-Ilse-Berner-300x200.jpg 300w, http://mch-frankweiler.de/wp-content/uploads/2025/04/fermate-2019-Ilse-Berner-768x512.jpg 768w, http://mch-frankweiler.de/wp-content/uploads/2025/04/fermate-2019-Ilse-Berner-1140x760.jpg 1140w, http://mch-frankweiler.de/wp-content/uploads/2025/04/fermate-2019-Ilse-Berner.jpg 1400w" sizes="auto, (max-width: 1024px) 100vw, 1024px" /></figure>
</div>



<div class="wp-block-column is-layout-flow wp-block-column-is-layout-flow">
<p>Seit 2023 leitet <strong>Ilse Berner </strong>aus Birkweiler den Männerchor zusammen mit der Sängergruppe der&nbsp;<strong>Sängervereinigung 1855</strong><br><strong>Nußdorf e. V</strong>.</p>



<p>Unsere Chorleiterin wurde in Würzburg geboren, aufgewachsen ist sie in Landau in der Pfalz. Sie studierte am Peter-Cornelius Konservatorium der Stadt Mainz Konzert- und Operngesang.</p>



<p></p>
</div>
</div>



<p>Ihre Ausbildung vervollständigte sie mit Meisterkursen bei Margreet Honig/Amsterdam, Gerhild Romberger, Konrad Jarnot&nbsp; und Werner Güra und Reinhild Mees ( Amsterdam).&nbsp;und war dann sehr erfolgreich als Sängerin unterwegs. Gemeinsam mit ihrem Mann veranstaltet sie das<strong>&nbsp;fermate KlassikFestival Südliche Weinstraße</strong>.</p>



<h2 class="wp-block-heading">Vorstand </h2>



<div class="wp-block-columns is-layout-flex wp-container-core-columns-is-layout-28f84493 wp-block-columns-is-layout-flex">
<div class="wp-block-column is-layout-flow wp-block-column-is-layout-flow">
<figure class="wp-block-image size-full"><img loading="lazy" decoding="async" width="800" height="800" src="http://mch-frankweiler.de/wp-content/uploads/2025/04/a-Vorstand.jpg" alt="" class="wp-image-147" srcset="http://mch-frankweiler.de/wp-content/uploads/2025/04/a-Vorstand.jpg 800w, http://mch-frankweiler.de/wp-content/uploads/2025/04/a-Vorstand-300x300.jpg 300w, http://mch-frankweiler.de/wp-content/uploads/2025/04/a-Vorstand-150x150.jpg 150w, http://mch-frankweiler.de/wp-content/uploads/2025/04/a-Vorstand-768x768.jpg 768w, http://mch-frankweiler.de/wp-content/uploads/2025/04/a-Vorstand-75x75.jpg 75w" sizes="auto, (max-width: 800px) 100vw, 800px" /></figure>
</div>



<div class="wp-block-column is-layout-flow wp-block-column-is-layout-flow">
<p>Der 1. Vorsitzende ist<br>Wilhelmus Slotman<br>Steigerter Hof 3 76833 Frankweiler<br>Tel.&nbsp;+49 (6345) 1773&nbsp;<a href="javascript:;">vorstand@mch-frankweiler.de</a></p>



<p>2. Vorsitzende ist Hildegard Lippert.</p>



<p>Aktuell gibt es 2 Chöre in Frankweiler, Franjazzco, ein gemischter Chor und der Männerchor. Dieser hat 2023 begonnen mit dem Männerchor der Sängervereinigung Nussdorf unter der Leitung von Ilse Berner zu proben.</p>
</div>
</div>



<p></p>

<p>Chorleitung Seit 2023 leitet Ilse Berner aus Birkweiler den Männerchor zusammen mit der Sängergruppe der&nbsp;Sängervereinigung 1855Nußdorf e. V. Unsere Chorleiterin wurde in Würzburg geboren, aufgewachsen ist sie in Landau in der Pfalz. Sie studierte am Peter-Cornelius Konservatorium der Stadt Mainz Konzert- und Operngesang. Ihre Ausbildung vervollständigte sie mit Meisterkursen bei Margreet Honig/Amsterdam, Gerhild Romberger, Konrad Jarnot&nbsp; und Werner Güra und Reinhild Mees ( Amsterdam).&nbsp;und war dann sehr erfolgreich als Sängerin unterwegs. Gemeinsam mit ihrem Mann veranstaltet sie das&nbsp;fermate KlassikFestival Südliche Weinstraße. Vorstand Der 1. Vorsitzende istWilhelmus SlotmanSteigerter Hof 3 76833 FrankweilerTel.&nbsp;+49 (6345) 1773&nbsp;vorstand@mch-frankweiler.de 2. Vorsitzende ist Hildegard Lippert. Aktuell gibt es 2 Chöre in Frankweiler, Franjazzco, ein gemischter Chor und der Männerchor. Dieser hat 2023 begonnen mit dem Männerchor der Sängervereinigung Nussdorf unter der Leitung von Ilse Berner zu proben.</p>
